d by x?
9
Suppose -2*j + j = -s - 14, -2*s + 4*j = 28. Let d(h) = 3*h + 1. What is the remainder when 16/s*-3*7 is divided by d(4)?
11
Let x = 274 + -122. Suppose 5*c + 20 = 0, 0*c = 4*z + c - x. What is the remainder when z is divided by 10?
9
Let l(x) = -x**2 - 12*x - 14. Calculate the remainder when l(-7) is divided by 11.
10
Let d(q) = q + 9. Let w = -11 + 15. Calculate the remainder when (-74)/(-2 + -1 + 1) is divided by d(w).
11
Let g = -9 - -43. What is the remainder when g is divided by 18?
16
Let q(s) = 5*s**2 - 6*s. Let b be q(5). Let o = 17 + b. Let d = o + -57. Calculate the remainder when d is divided by 14.
13
Let c be (6/9)/(2/(-3)). Let i be (-3 - -2)/(c/10). Suppose z = 2*p - 4 - 2, i = 2*p. Calculate the remainder when 11 is divided by z.
3
Let t = 104 + -16. What is the remainder when t is divided by 30?
28
Let t(o) = -63*o**3 - o**2 + 1. Suppose -2 = 2*w - 3*p, -p + 4 = -5*w + w. Let j be t(w). Suppose -m = -4*m + j. What is the remainder when m is divided by 6?
3
Suppose 8 = 3*g + a + 3, 0 = g + 5*a - 11. Suppose -h + 3 = 2. What is the remainder when g is divided by h?
0
Let t be (3/9)/(2/18). Suppose -t*j = -35 - 28. Calculate the remainder when j is divided by 12.
9
Let u(r) = -r**3 - 6*r**2 + r - 7. Suppose 2*h + h = -21. What is the remainder when u(h) is divided by 12?
11
Let j(d) = 3*d - 20. What is the remainder when j(8) is divided by 3?
1
Let f(n) = -n**3 - 9*n**2 - 30*n - 4. Suppose p - 48 = -3*p. Calculate the remainder when f(-3) is divided by p.
8
Suppose -5*z = -3*j - 74, -4*z - 3*j + 51 = 8. Calculate the remainder when 51 is divided by z.
12
Let b = 3 - 6. Let r(a) = -10*a - 4. Calculate the remainder when r(b) is divided by 14.
12
Let i = -78 + 146. Suppose -w = -5*v - 58, -2*w + 4*w + 2*v = i. Suppose 0 = -n - n + w. Calculate the remainder when n is divided by 7.
5
Let d = -15 + 122. What is the remainder when d is divided by 27?
26
Suppose 1392 = 5*c + 2*l, -c - c + 572 = -3*l. Calculate the remainder when c is divided by 47.
45
Let d = -3 + 6. Let y be ((d - 5)/(-1))/1. Suppose 0*t - 2*t + y*l = -48, -l - 70 = -3*t. Calculate the remainder when t is divided by 12.
11
Calculate the remainder when 19 is divided by 3*2 - (1 + -3)*1.
3
Let a(g) = 9*g**3 + g**2 + g - 1. Let h = 22 + 4. What is the remainder when h is divided by a(1)?
6
Let c = 7 - 4. Suppose -c*w + w = 10, 4*x - 29 = w. What is the remainder when 22 is divided by x?
4
Suppose -16*r + 100 = -14*r. Calculate the remainder when r is divided by 19.
12
Let s(x) = -16*x + 8. What is the remainder when 116 is divided by s(-2)?
36
Let k = -5 + 11. Let a(g) = -g**3 + 5*g**2 + 6*g + 5. Let z be a(6). Let c(b) = 2*b. What is the remainder when c(z) is divided by k?
4
Suppose 35 = 5*q - 0*q. Suppose 4*p - 51 + q = -4*l, -l = -4. Let y = p - -11. Calculate the remainder when 52 is divided by y.
16
Let u(c) = -c**2 - 9*c - 4. Let s be u(-8). Suppose s*m = -m + 50. What is the remainder when 18 is divided by m?
8
Calculate the remainder when (-410)/(-15) + ((-24)/(-9) - 3) is divided by 19.
8
Suppose -2*c = -0*c. Suppose c = w + 3 - 14. Suppose -5*n + 144 = 4*o - 2*o, 0 = 2*o + 6. What is the remainder when n is divided by w?
8
Suppose 3*r = 5*r + 6. Let n = r + -13. What is the remainder when 44 is divided by -3 - (n - (-6)/(-3))?
14
Let v(y) = y**3 + 3*y**2 - 6*y - 6. Suppose -w + 8 = 2*h, 6*h = 3*h + 5*w + 25. What is the remainder when h is divided by v(-4)?
1
Let r be 0/(2/(-2)) - -4. Let d = 2 - r. What is the remainder when d/6 - 14/(-6) is divided by 1?
0
Let t = -5 - -2. Calculate the remainder when t/3*2 + 35 is divided by 17.
16
Suppose x + 21 + 14 = 0. Let w = -12 - x. Calculate the remainder when w is divided by -1 - (2*-1 + -7).
7
What is the remainder when 9 is divided by 5 - (-2 - -6 - 3)?
1
Let v = -182 - -130. Let o = 134 + v. What is the remainder when o is divided by 21?
19
Suppose -28 = -i - c, -2*c + 25 = 2*i - i. Let m(g) = -g**2 + 8*g + 11. What is the remainder when i is divided by m(8)?
9
Let b = -131 - -188. Let w = -34 + b. Let a = 35 + -23. What is the remainder when w is divided by a?
11
Let w(l) = 22*l**2 + 1. Suppose -4*u + 5*t = -6*u - 14, 5*u - 2*t + 35 = 0. Let i = -6 - u. Calculate the remainder when w(i) is divided by 8.
7
Let z = 111 + -82. What is the remainder when 104 is divided by z?
17
Let h(f) = 57*f. Let m(w) = -w. Let i(p) = h(p) - 6*m(p). Calculate the remainder when i(1) is divided by 16.
15
Let s = 84 + -38. Let i = s - 28. Calculate the remainder when 53 is divided by i.
17
Let l(g) be the second derivative of -g**3/3 - 3*g. Calculate the remainder when 23 is divided by l(-6).
11
Let h = -12 + 17. Suppose -r + 4*r - 129 = -x, 0 = 2*r - h*x - 69. Calculate the remainder when r is divided by 15.
12
Let d(v) = -2*v**3 - 3*v**2 - 3*v - 1. Suppose 2*s - 24 = -0*s. Calculate the remainder when d(-3) is divided by s.
11
Suppose 0 = -3*b - b + 20. Let k(j) = j**3 + 3*j**2 - 3*j - 1. Suppose 0 = -5*h - 5 - 10. Calculate the remainder when k(h) is divided by b.
3
Let l be 4/5*(-10)/(-4). Let s(i) = -4*i + 3*i**l - 54*i**3 - i**2 + 5*i. Calculate the remainder when s(-1) is divided by 19.
17
Suppose -19 = -2*g + 7. Let o(s) = s**2 - 13*s + 5. Calculate the remainder when 8 is divided by o(g).
3
Suppose 3*s + 3*p = 588, 0*p - 4*p - 616 = -3*s. Suppose -6*a + a + s = 0. Calculate the remainder when a is divided by 14.
12
Suppose -17 - 8 = -z. What is the remainder when z is divided by 10?
5
Let k = -100 - -127. Calculate the remainder when k is divided by 12.
3
Let j(m) = m**3 + 17*m**2 - 23*m + 1. Calculate the remainder when j(-18) is divided by 19.
15
Suppose 0 = -u + 5*u - 8. Let i(r) = 3*r**3 + 2*r**2 - 3*r. Calculate the remainder when i(u) is divided by 14.
12
Let s = -1 + 4. Suppose 8 = -2*g + s*g. What is the remainder when 2 is divided by 3/1 - g/4?
0
Let r = 32 - 20. Suppose 0*a - 3*a = -63. Calculate the remainder when a is divided by r.
9
Suppose -2*x + 0*x + 6 = 0. Suppose x*t = d + 124, -112 = -2*t - t - 2*d. Let h(g) = 15*g**2 + g. What is the remainder when t is divided by h(-1)?
12
Suppose 0 = 2*r - 148 + 8. Calculate the remainder when r is divided by 24.
22
Let i = -6 - -9. Let d be (2 - (1 + 2)) + i. Let q(p) = 5*p**2 - 2*p - 2. Calculate the remainder when 27 is divided by q(d).
13
Let j(u) = -7*u + 105. Let z = -15 - -34. What is the remainder when j(10) is divided by z?
16
Suppose 3*m = 2*b + 301, -2*m - b - 3*b = -174. Suppose -157 = -5*r - 4*g, 31 + 72 = 3*r - 2*g. Calculate the remainder when m is divided by r.
31
Let t = -17 - -40. Calculate the remainder when t is divided by 7.
2
Let g = -6 - -3. Let u(m) = -m**3 - 2*m**2 - m - 3. Let n = -8 - -13. Calculate the remainder when u(g) is divided by n.
4
Let u(c) = -c**3 + 4*c**2 + 6*c + 3. Calculate the remainder when 16 is divided by u(5).
0
Let k(p) = 31*p**2 - p. Let j = 3 + 4. What is the remainder when k(-1) is divided by j?
4
Let o = -1 - -4. Suppose 0*k = -o*k + 18. Suppose -n + 3*h = -k*n + 130, 4*n + 5*h - 117 = 0. What is the remainder when n is divided by 12?
11
Let m be -3*(-8)/(-36)*-27. What is the remainder when 1*(m - 0/(-2)) is divided by 10?
8
Let b(x) = 3*x**2 - x. Let l = -19 - -21. Calculate the remainder when b(1) is divided by l.
0
Suppose f - 18 = 3*a, -f + a = f - 61. Suppose 5*r = 27 + f. What is the remainder when r is divided by 5?
2
Let k = 37 + -27. Calculate the remainder when 34 is divided by k.
4
Suppose -2*k - 3 + 9 = 0. Suppose 4*p - a + 4 = 0, -a + 5 = k*p + 1. Suppose 10*f - 5*f - 55 = p. What is the remainder when 31 is divided by f?
9
Suppose 5*v - 4 = 6. Suppose 3*f + 4*i = 41, v*i = -5*f + 7*i + 80. Calculate the remainder when 58 is divided by f.
13
Let d(z) = 3*z**2 + 5*z. What is the remainder when d(-4) is divided by 10?
8
Let z = -1 + 3. What is the remainder when (-9)/(-4) + (-1)/4 is divided by z?
0
Suppose -2*j = -0*j. Suppose s - 15 - 41 = j. Calculate the remainder when s is divided by (-38)/(-3)*3/2.
18
Let a(l) = -l**3 + 7*l**2 - 5*l + 9. Let c be a(6). Calculate the remainder when (-9)/(-15) + 291/c is divided by 7.
6
What is the remainder when 47 is divided by 17 - (-1 + 21)/5?
8
Let u(f) = -f**2 - 6*f - 3. Let x be 2 - 0 - 6*-1. Let a = 11 - x. Calculate the remainder when u(-4) is 